{"id":12,"date":"2021-09-01T15:41:02","date_gmt":"2021-09-01T15:41:02","guid":{"rendered":"http:\/\/autismovina.cl\/web\/?page_id=12"},"modified":"2023-12-19T09:51:59","modified_gmt":"2023-12-19T12:51:59","slug":"inicio","status":"publish","type":"page","link":"http:\/\/autismovina.cl\/web\/","title":{"rendered":"Inicio"},"content":{"rendered":"<p>[et_pb_section fb_built=\u00bb1&#8243; fullwidth=\u00bbon\u00bb _builder_version=\u00bb4.22.1&#8243; _module_preset=\u00bbdefault\u00bb global_colors_info=\u00bb{}\u00bb][et_pb_fullwidth_slider admin_label=\u00bbSlider o Banner Principal\u00bb _builder_version=\u00bb4.22.1&#8243; _module_preset=\u00bbdefault\u00bb content_width=\u00bb100%\u00bb custom_margin=\u00bb0px||0px||false|false\u00bb custom_padding=\u00bb250px||250px||false|false\u00bb animation_style=\u00bbzoom\u00bb auto=\u00bbon\u00bb auto_speed=\u00bb5000&#8243; auto_ignore_hover=\u00bbon\u00bb global_colors_info=\u00bb{}\u00bb][et_pb_slide admin_title=\u00bbBanner 08&#8243; _builder_version=\u00bb4.22.1&#8243; _module_preset=\u00bbdefault\u00bb background_color=\u00bb#FFFFFF\u00bb background_enable_color=\u00bbon\u00bb background_image=\u00bbhttp:\/\/autismovina.cl\/web\/wp-content\/uploads\/2023\/12\/banner008.jpg\u00bb background_enable_image=\u00bbon\u00bb custom_padding=\u00bb||||false|false\u00bb global_colors_info=\u00bb{}\u00bb sticky_transition=\u00bbon\u00bb][\/et_pb_slide][et_pb_slide admin_title=\u00bbBanner 04&#8243; _builder_version=\u00bb4.22.1&#8243; _module_preset=\u00bbdefault\u00bb background_color=\u00bb#FFFFFF\u00bb background_enable_color=\u00bbon\u00bb background_image=\u00bbhttp:\/\/autismovina.cl\/web\/wp-content\/uploads\/2023\/12\/banner004.jpg\u00bb background_enable_image=\u00bbon\u00bb custom_padding=\u00bb||||false|false\u00bb global_colors_info=\u00bb{}\u00bb sticky_transition=\u00bbon\u00bb][\/et_pb_slide][et_pb_slide admin_title=\u00bbBanner 03&#8243; _builder_version=\u00bb4.22.1&#8243; _module_preset=\u00bbdefault\u00bb background_color=\u00bb#FFFFFF\u00bb background_enable_color=\u00bbon\u00bb background_image=\u00bbhttp:\/\/autismovina.cl\/web\/wp-content\/uploads\/2023\/12\/banner003.jpg\u00bb background_enable_image=\u00bbon\u00bb custom_padding=\u00bb||||false|false\u00bb global_colors_info=\u00bb{}\u00bb sticky_transition=\u00bbon\u00bb][\/et_pb_slide][et_pb_slide admin_title=\u00bbBanner 07&#8243; _builder_version=\u00bb4.22.1&#8243; _module_preset=\u00bbdefault\u00bb background_color=\u00bb#FFFFFF\u00bb background_enable_color=\u00bbon\u00bb background_image=\u00bbhttp:\/\/autismovina.cl\/web\/wp-content\/uploads\/2023\/12\/banner007.jpg\u00bb background_enable_image=\u00bbon\u00bb custom_padding=\u00bb||||false|false\u00bb global_colors_info=\u00bb{}\u00bb sticky_transition=\u00bbon\u00bb][\/et_pb_slide][et_pb_slide admin_title=\u00bbBanner 01&#8243; _builder_version=\u00bb4.22.1&#8243; _module_preset=\u00bbdefault\u00bb background_color=\u00bb#FFFFFF\u00bb background_enable_color=\u00bbon\u00bb background_image=\u00bbhttp:\/\/autismovina.cl\/web\/wp-content\/uploads\/2023\/12\/banner001.jpg\u00bb background_enable_image=\u00bbon\u00bb custom_padding=\u00bb||||false|false\u00bb global_colors_info=\u00bb{}\u00bb sticky_transition=\u00bbon\u00bb][\/et_pb_slide][et_pb_slide admin_title=\u00bbBanner 02&#8243; _builder_version=\u00bb4.22.1&#8243; _module_preset=\u00bbdefault\u00bb background_color=\u00bb#FFFFFF\u00bb background_enable_color=\u00bbon\u00bb background_image=\u00bbhttp:\/\/autismovina.cl\/web\/wp-content\/uploads\/2023\/12\/banner002.jpg\u00bb background_enable_image=\u00bbon\u00bb custom_padding=\u00bb||||false|false\u00bb global_colors_info=\u00bb{}\u00bb sticky_transition=\u00bbon\u00bb][\/et_pb_slide][\/et_pb_fullwidth_slider][\/et_pb_section][et_pb_section fb_built=\u00bb1&#8243; next_background_color=\u00bb#ffffff\u00bb _builder_version=\u00bb4.22.1&#8243; background_image=\u00bbhttp:\/\/autismovina.cl\/web\/wp-content\/uploads\/2023\/12\/fondo2.jpg\u00bb background_size=\u00bbinitial\u00bb background_repeat=\u00bbrepeat\u00bb background_blend=\u00bblighten\u00bb custom_padding=\u00bb||0px|||\u00bb bottom_divider_style=\u00bbramp2&#8243; bottom_divider_flip=\u00bbhorizontal\u00bb hover_enabled=\u00bb0&#8243; global_colors_info=\u00bb{}\u00bb background_position=\u00bbtop_left\u00bb sticky_enabled=\u00bb0&#8243;][et_pb_row column_structure=\u00bb1_2,1_2&#8243; _builder_version=\u00bb4.16&#8243; background_size=\u00bbinitial\u00bb background_position=\u00bbtop_left\u00bb background_repeat=\u00bbrepeat\u00bb global_colors_info=\u00bb{}\u00bb][et_pb_column type=\u00bb1_2&#8243; _builder_version=\u00bb4.16&#8243; custom_padding=\u00bb|||\u00bb global_colors_info=\u00bb{}\u00bb custom_padding__hover=\u00bb|||\u00bb][et_pb_image src=\u00bbhttp:\/\/autismovina.cl\/web\/wp-content\/uploads\/2023\/12\/cerebro.png\u00bb title_text=\u00bbcerebro\u00bb align=\u00bbcenter\u00bb admin_label=\u00bbImagen Cerebro\u00bb _builder_version=\u00bb4.22.1&#8243; _module_preset=\u00bbdefault\u00bb animation_style=\u00bbslide\u00bb animation_direction=\u00bbleft\u00bb global_colors_info=\u00bb{}\u00bb][\/et_pb_image][\/et_pb_column][et_pb_column type=\u00bb1_2&#8243; _builder_version=\u00bb4.16&#8243; custom_padding=\u00bb|||\u00bb global_colors_info=\u00bb{}\u00bb custom_padding__hover=\u00bb|||\u00bb][et_pb_text admin_label=\u00bbTexto: Quienes Somos\u00bb _builder_version=\u00bb4.22.1&#8243; _module_preset=\u00bbdefault\u00bb text_font_size=\u00bb16px\u00bb text_orientation=\u00bbjustified\u00bb animation_style=\u00bbslide\u00bb animation_direction=\u00bbright\u00bb global_colors_info=\u00bb{}\u00bb]<\/p>\n<h2 style=\"text-align: center;\"><strong><span style=\"color: #ff0000;\">B<\/span><span style=\"color: #ff6600;\">i<\/span><span style=\"color: #008000;\">e<\/span><span style=\"color: #3366ff;\">n<\/span><span style=\"color: #ff0000;\">v<\/span><span style=\"color: #ff6600;\">e<\/span><span style=\"color: #008000;\">n<\/span><span style=\"color: #3366ff;\">i<\/span><span style=\"color: #ff0000;\">d<\/span><span style=\"color: #ff6600;\">o<\/span><span style=\"color: #008000;\">s<\/span><\/strong><\/h2>\n<p>Somos una Corporaci\u00f3n de padres, madres, cuidadores o familiares de personas autistas que buscamos: promover, difundir y fortalecer; la inclusi\u00f3n, participaci\u00f3n y el desarrollo integral de las personas que se encuentren dentro del Espectro Autista, a trav\u00e9s de actividades asistenciales, educativas, recreativas, culturales, deportivas, laborales, previsionales y de cualquier otra \u00edndole.<\/p>\n<p>Adem\u00e1s buscamos favorecer el bienestar de las personas del Espectro Autista y de sus familias en las \u00e1reas que lo requieran. Representar y defender los intereses y derechos de las personas dentro del Espectro Autista, ante personas naturales o jur\u00eddicas, entidades p\u00fablicas o privadas de cualquier clase o naturaleza.<\/p>\n<p>Nos reconocemos como agrupaci\u00f3n activista por los derechos de las personas autistas, sus familias y cuidadores.<\/p>\n<p>[\/et_pb_text][\/et_pb_column][\/et_pb_row][et_pb_row _builder_version=\u00bb4.22.1&#8243; _module_preset=\u00bbdefault\u00bb custom_margin=\u00bb||0px||false|false\u00bb custom_padding=\u00bb||0px||false|false\u00bb global_colors_info=\u00bb{}\u00bb][et_pb_column type=\u00bb4_4&#8243; _builder_version=\u00bb4.22.1&#8243; _module_preset=\u00bbdefault\u00bb global_colors_info=\u00bb{}\u00bb][et_pb_cta button_url=\u00bbhttp:\/\/autismovina.cl\/web\/ficha-inscripcion-para-socios\/\u00bb button_text=\u00bbInscribirse como Socio en Corporacion de Autismo Vi\u00f1a del Mar\u00bb admin_label=\u00bbLink a Ficha de Inscripci\u00f3n\u00bb _builder_version=\u00bb4.22.1&#8243; _module_preset=\u00bbdefault\u00bb background_color=\u00bbRGBA(255,255,255,0)\u00bb custom_button=\u00bbon\u00bb button_text_color=\u00bb#FFFFFF\u00bb button_bg_color=\u00bb#E02B20&#8243; button_border_width=\u00bb0px\u00bb button_border_radius=\u00bb13px\u00bb button_font=\u00bb|||on|||||\u00bb animation_style=\u00bbzoom\u00bb animation_direction=\u00bbbottom\u00bb global_module=\u00bb240&#8243; saved_tabs=\u00bball\u00bb global_colors_info=\u00bb{}\u00bb][\/et_pb_cta][et_pb_image src=\u00bbhttp:\/\/autismovina.cl\/web\/wp-content\/uploads\/2023\/12\/aam-colorful-hands.png\u00bb admin_label=\u00bbImagen de manos\u00bb _builder_version=\u00bb4.22.1&#8243; _module_preset=\u00bbdefault\u00bb custom_margin=\u00bb||0px||false|false\u00bb custom_padding=\u00bb||0px||false|false\u00bb animation_style=\u00bbslide\u00bb animation_direction=\u00bbbottom\u00bb global_colors_info=\u00bb{}\u00bb][\/et_pb_image][\/et_pb_column][\/et_pb_row][\/et_pb_section]<\/p>\n","protected":false},"excerpt":{"rendered":"<p>Bienvenidos Somos una Corporaci\u00f3n de padres, madres,&#8230;<\/p>\n","protected":false},"author":2,"featured_media":0,"parent":0,"menu_order":2,"comment_status":"closed","ping_status":"closed","template":"","meta":{"_et_pb_use_builder":"on","_et_pb_old_content":"<!-- wp:html --><!-- wp:heading -->\r\n<h2 id=\"en-el-ano-2018-a-traves-de-redes-sociales-un-grupo-de-mamas-papas-y-cuidadores-de-personas-autistas-nos-empezamos-a-organizar-con-picnis-en-la-quinta-vergara-de-vina-del-mar-gracias-a-la-coordinacion-de-alejandra-rojas-quien-hacia-posible-estos-momentos-con-las-familias-autistas\" align=\"justify\">En el a\u00f1o 2018, a trav\u00e9s de redes sociales un grupo de mam\u00e1s, pap\u00e1s y cuidadores de personas autistas nos empezamos a organizar con picnis en la Quinta Vergara de Vi\u00f1a del Mar, gracias a la coordinaci\u00f3n de Alejandra Rojas, quien hacia posible estos momentos con las familias autistas.<\/h2>\r\n<div align=\"justify\"><!-- \/wp:heading --><!-- wp:heading --><\/div>\r\n<h2 id=\"estos-encuentros-nacieron-desde-la-experiencia-de-diversas-familias-que-nos-sentiamos-excluidas-de-otro-tipo-de-encuentros-sociales-por-la-condicion-de-nuestros-hijos-e-hijas-siendo-estas-instancias-esperadas-por-todas-y-todos-los-interesados\" align=\"justify\">Estos encuentros nacieron desde la experiencia de diversas familias que nos sentiamos exclu\u00eddas de otro tipo de encuentros sociales por la condici\u00f3n de nuestros hijos e hijas, siendo estas instancias esperadas por todas y todos los interesados.<\/h2>\r\n<div align=\"justify\"><!-- \/wp:heading --><!-- wp:heading --><\/div>\r\n<h2 id=\"se-empezo-a-dar-forma-al-grupo-de-facebook-teapoyo-desde-donde-llego-loreto-rodriguez-y-otras-personas-que-se-reunian-en-la-iglesia-de-fatima-en-forestal-buscando-siempre-el-objetivo-de-organizarse-legalmente-pero-sin-llegar-a-concretarlo\" align=\"justify\">Se empez\u00f3 a dar forma al grupo de facebook \"Teapoyo\" desde donde lleg\u00f3 Loreto Rodriguez y otras personas que se reun\u00edan en la Iglesia de F\u00e1tima en Forestal buscando siempre el objetivo de organizarse legalmente, pero sin llegar a concretarlo.<\/h2>\r\n<div align=\"justify\"><!-- \/wp:heading --><!-- wp:heading --><\/div>\r\n<h2 id=\"se-participo-de-una-marcha-regional-en-valparaiso-el-4-de-abril-del-2019-por-el-dia-de-la-concienciacion-del-autismo-2-de-abril-y-alli-se-consolido-la-necesidad-y-urgencia-de-una-organizacion-con-personalidad-juridica\" align=\"justify\">Se particip\u00f3 de una marcha regional en Valpara\u00edso el 4 de abril del 2019, por el d\u00eda de la Concienciaci\u00f3n del Autismo (2 de abril) y all\u00ed se consolid\u00f3 la necesidad y urgencia de una organizaci\u00f3n con personalidad jur\u00eddica.<\/h2>\r\n<div align=\"justify\"><!-- \/wp:heading --><!-- wp:heading --><\/div>\r\n<h2 id=\"surge-el-contacto-con-la-neuropediatra-valeria-rojas-osorio-quien-cita-a-camila-torres-carolina-quilodran-entre-otras-personas-para-empoderar-a-las-familias-y-desde-alli-nace-la-mocion-de-organizarnos-y-crear-una-organizacion-comunitaria-funcional-viendo-el-ejemplo-de-otras-ciudades-desde-donde-se-queria-replicar-el-modelo\" align=\"justify\">Surge el contacto con la Neuropediatra Valeria Rojas Osorio, quien cita a Camila Torres, Carolina Quilodr\u00e1n, entre otras personas, para empoderar a las familias y desde all\u00ed nace la moci\u00f3n de organizarnos y crear una Organizaci\u00f3n Comunitaria Funcional, viendo el ejemplo de otras ciudades desde donde se quer\u00eda replicar el modelo.<\/h2>\r\n<div align=\"justify\"><!-- \/wp:heading --><!-- wp:heading --><\/div>\r\n<h2 id=\"se-comenzo-a-dar-forma-a-esta-organizacion-acoplandose-a-la-ya-existente-mesa-comunal-social-donde-se-queria-abordar-el-autismo-y-es-a-traves-de-esa-mesa-que-llego-carolina-lizama-gestionando-reuniones-en-la-escuela-especial-juanita-aguirre-y-un-posterior-llamado-a-reunion-para-padres-y-madres-que-quisieran-formar-una-asociacion-en-la-sala-kaplan-del-hospital-gustavo-fricke\" align=\"justify\">Se comenz\u00f3 a dar forma a esta organizaci\u00f3n acopl\u00e1ndose a la ya existente Mesa Comunal Social, donde se quer\u00eda abordar el Autismo y es a trav\u00e9s de esa Mesa que lleg\u00f3 Carolina Lizama, gestionando reuniones en la Escuela Especial Juanita Aguirre y un posterior llamado a reuni\u00f3n,\u00a0 para padres y madres que quisieran formar una asociaci\u00f3n, en la sala Kaplan del Hospital Gustavo Fricke.<\/h2>\r\n<div align=\"justify\"><!-- \/wp:heading --><!-- wp:heading --><\/div>\r\n<h2 id=\"alli-se-inicio-un-trabajo-en-conjunto-con-nuevas-familias-sumandose-al-equipo-chantal-garay-y-eduardo-acuna-desde-donde-se-levanta-la-idea-de-ser-una-corporacion-y-no-una-organizacion-comunitaria-abarcando-mayor-poblacion-y-no-solo-limitandose-a-la-comuna-de-vina-del-mar-permitiendo-de-esta-manera-la-incorporacion-de-familias-de-todo-el-territorio-nacional-para-que-nadie-este-solo-ni-sola\" align=\"justify\">All\u00ed se\u00a0inici\u00f3 un trabajo en conjunto con nuevas familias, sum\u00e1ndose al equipo Chantal Garay y Eduardo Acu\u00f1a desde donde se levanta la idea de ser una Corporaci\u00f3n y no una Organizaci\u00f3n Comunitaria, abarcando mayor poblaci\u00f3n y no solo limit\u00e1ndose a la comuna de Vi\u00f1a del Mar, permitiendo de esta manera la incorporaci\u00f3n de familias de todo el territorio nacional, para que nadie est\u00e9 solo ni sola.<\/h2>\r\n<div align=\"justify\"><!-- \/wp:heading --><!-- wp:heading --><\/div>\r\n<h2 id=\"es-asi-que-nos-comenzamos-a-reunir-en-las-dependencias-que-nos-facilitaba-la-federacion-nacional-de-los-trabajadores-de-la-salud-fenats-quienes-nos-apoyaban-a-instancia-de-camila-torres-para-poder-reunirnos\" align=\"justify\">Es as\u00ed que nos comenzamos a reunir en las dependencias que nos facilitaba la Federaci\u00f3n Nacional de los Trabajadores de la Salud, Fenats,\u00a0quienes nos apoyaban a instancia de Camila Torres para poder reunirnos.<\/h2>\r\n<div align=\"justify\"><!-- \/wp:heading --><!-- wp:heading --><\/div>\r\n<h2 id=\"es-en-estas-reuniones-donde-nos-juntabamos-a-redactar-los-estatutos-de-lo-que-seria-la-corporacion-autismo-vina-del-mar-logrando-suscribir-un-13-de-diciembre-del-ano-2019-la-constitucion-legal-de-nuestra-institucion\" align=\"justify\">Es en estas reuniones donde nos junt\u00e1bamos a redactar los estatutos de lo que ser\u00eda la Corporaci\u00f3n Autismo Vi\u00f1a del Mar, logrando suscribir un 13 de diciembre del a\u00f1o 2019 la constituci\u00f3n legal de nuestra instituci\u00f3n.<\/h2>\r\n<div align=\"justify\"><!-- \/wp:heading --><!-- wp:heading --><\/div>\r\n<h2 id=\"el-directorio-fundador-fue-presidenta-carolina-quilodran-leiva-vicepresidente-eduardo-acuna-saavedra-secretaria-loreto-rodriguez-alvarado-tesorera-celina-sagardia-sagardia-directora-de-vinculacion-con-el-medio-carolina-lizama-rojas-directora-de-comunicaciones-chantal-garay-soto\" align=\"justify\"><!-- wp:heading --><\/h2>\r\n<h2 id=\"el-directorio-fundador-fue-presidenta-carolina-quilodran-leiva-vicepresidente-eduardo-acuna-saavedra-secretaria-loreto-rodriguez-alvarado-tesorera-celina-sagardia-sagardia-directora-de-vinculacion-con-el-medio-carolina-lizama-rojas-directora-de-comunicaciones-chantal-garay-soto\" align=\"justify\">El Directorio fundador fue;<br \/>Presidenta: Carolina Quilodr\u00e1n Leiva.<br \/>Vicepresidente: Eduardo Acu\u00f1a Saavedra.<br \/>Secretaria: Loreto Rodriguez Alvarado.<br \/>Tesorera: Celina Sagard\u00eda Sagard\u00eda.<br \/>Directora de Vinculaci\u00f3n con el Medio: Carolina Lizama Rojas.<br \/>Directora de Comunicaciones: Chantal Garay Soto.<\/h2>\r\n<div align=\"justify\"><!-- \/wp:heading --><!-- wp:heading --><\/div>\r\n<h2 id=\"de-esta-forma-se-dio-origen-a-nuestra-corporacion-que-busca-promover-concienciar-educar-y-luchar-por-los-derechos-de-las-personas-autistas-sus-familias-y-cuidadores\" align=\"justify\">De esta forma se dio origen a nuestra Corporaci\u00f3n que busca promover, concienciar, educar y luchar por los derechos de las personas autistas,\u00a0 sus familias y cuidadores.<\/h2>\r\n<div align=\"justify\"><!-- \/wp:heading --><!-- wp:heading --><\/div>\r\n<h2 id=\"actualmente-somos-mas-de-80-las-familias-socias-quienes-luchamos-por-nuestras-personas-autistas-para-que-sean-sujetos-de-derecho-y-no-de-caridad-nos-volvimos-activistas-por-ellos-y-ellas\" align=\"justify\">Actualmente somos m\u00e1s de 80 las familias socias quienes luchamos por\u00a0 nuestras personas autistas para que sean sujetos de derecho y no de caridad, nos volvimos activistas por ellos y ellas.<\/h2>\r\n<!-- \/wp:heading --><!-- wp:heading {\"textAlign\":\"center\"} -->\r\n<h2 id=\"corporacion-autismo-vina-del-mar-tus-derechos-nuestra-lucha\" align=\"center\">Corporaci\u00f3n Autismo Vi\u00f1a del Mar<br \/>\"Tus Derechos, Nuestra Lucha\"<\/h2>\r\n<!-- \/wp:heading --><!-- \/wp:heading --><!-- \/wp:html --><!-- wp:paragraph -->\r\n<p>\u00a0<\/p>\r\n<!-- \/wp:paragraph -->","_et_gb_content_width":"","site-sidebar-layout":"default","site-content-layout":"","ast-site-content-layout":"default","site-content-style":"default","site-sidebar-style":"default","ast-global-header-display":"","ast-banner-title-visibility":"","ast-main-header-display":"","ast-hfb-above-header-display":"","ast-hfb-below-header-display":"","ast-hfb-mobile-header-display":"","site-post-title":"disabled","ast-breadcrumbs-content":"disabled","ast-featured-img":"","footer-sml-layout":"","ast-disable-related-posts":"","theme-transparent-header-meta":"default","adv-header-id-meta":"","stick-header-meta":"","header-above-stick-meta":"","header-main-stick-meta":"","header-below-stick-meta":"","astra-migrate-meta-layouts":"set","ast-page-background-enabled":"default","ast-page-background-meta":{"desktop":{"background-color":"var(--ast-global-color-4)","background-image":"","background-repeat":"repeat","background-position":"center center","background-size":"auto","background-attachment":"scroll","background-type":"","background-media":"","overlay-type":"","overlay-color":"","overlay-opacity":"","overlay-gradient":""},"tablet":{"background-color":"","background-image":"","background-repeat":"repeat","background-position":"center center","background-size":"auto","background-attachment":"scroll","background-type":"","background-media":"","overlay-type":"","overlay-color":"","overlay-opacity":"","overlay-gradient":""},"mobile":{"background-color":"","background-image":"","background-repeat":"repeat","background-position":"center center","background-size":"auto","background-attachment":"scroll","background-type":"","background-media":"","overlay-type":"","overlay-color":"","overlay-opacity":"","overlay-gradient":""}},"ast-content-background-meta":{"desktop":{"background-color":"var(--ast-global-color-5)","background-image":"","background-repeat":"repeat","background-position":"center center","background-size":"auto","background-attachment":"scroll","background-type":"","background-media":"","overlay-type":"","overlay-color":"","overlay-opacity":"","overlay-gradient":""},"tablet":{"background-color":"var(--ast-global-color-5)","background-image":"","background-repeat":"repeat","background-position":"center center","background-size":"auto","background-attachment":"scroll","background-type":"","background-media":"","overlay-type":"","overlay-color":"","overlay-opacity":"","overlay-gradient":""},"mobile":{"background-color":"var(--ast-global-color-5)","background-image":"","background-repeat":"repeat","background-position":"center center","background-size":"auto","background-attachment":"scroll","background-type":"","background-media":"","overlay-type":"","overlay-color":"","overlay-opacity":"","overlay-gradient":""}},"footnotes":""},"class_list":["post-12","page","type-page","status-publish","hentry"],"_links":{"self":[{"href":"http:\/\/autismovina.cl\/web\/wp-json\/wp\/v2\/pages\/12","targetHints":{"allow":["GET"]}}],"collection":[{"href":"http:\/\/autismovina.cl\/web\/wp-json\/wp\/v2\/pages"}],"about":[{"href":"http:\/\/autismovina.cl\/web\/wp-json\/wp\/v2\/types\/page"}],"author":[{"embeddable":true,"href":"http:\/\/autismovina.cl\/web\/wp-json\/wp\/v2\/users\/2"}],"replies":[{"embeddable":true,"href":"http:\/\/autismovina.cl\/web\/wp-json\/wp\/v2\/comments?post=12"}],"version-history":[{"count":27,"href":"http:\/\/autismovina.cl\/web\/wp-json\/wp\/v2\/pages\/12\/revisions"}],"predecessor-version":[{"id":452,"href":"http:\/\/autismovina.cl\/web\/wp-json\/wp\/v2\/pages\/12\/revisions\/452"}],"wp:attachment":[{"href":"http:\/\/autismovina.cl\/web\/wp-json\/wp\/v2\/media?parent=12"}],"curies":[{"name":"wp","href":"https:\/\/api.w.org\/{rel}","templated":true}]}}